-82)/4). Suppose 8124 - b = 3*a. Is a composite?
False
Let x = 116 - 124. Is 2/x - 1455/(-12) composite?
True
Let c(q) = 17*q**2 - 1831*q**3 + q + 6877*q**3 - 4 + 3*q - 18*q**2. Is c(1) composite?
True
Suppose 0*w + 5*w = 5885. Suppose 6*g + w - 5071 = 0. Is g prime?
False
Let b = 40 - 48. Is b/2 + (-9)/((-9)/101) a composite number?
False
Let g = 3358 - 1135. Let v = g - -596. Is v prime?
True
Let i(j) = -j**2 + 2*j. Let x be i(3). Let y(h) = 43*h**2 + 4*h + 20. Is y(x) prime?
False
Suppose 3*w + 4*r - 11 = 0, 6*r - 2*r = 8. Is (-6 + (-941)/(-2))*(1 + w) a prime number?
True
Let l(c) = 18*c**2 - 38*c**2 + 14*c**2. Let t be l(-1). Let z(o) = 12*o**2 + 5*o + 7. Is z(t) prime?
True
Let w be 2/6 + (-100)/12. Let x be (6 + w)*(-4)/2. Suppose -92 + 22 = -3*n + 4*q, -40 = -2*n - x*q. Is n a composite number?
True
Let r = 8 - 3. Let k(f) = -2*f**3 + 92*f**2 + 103*f - 168. Let n be k(46). Suppose 2*z = -3*h + 2749, 0*z - z + n = r*h. Is h prime?
False
Suppose -91*z + 3902080 - 952297 + 1046300 = 0. Is z a composite number?
False
Suppose -5*j + 4*i + 4679827 = 0, 11 + 10 = 3*i. Is j a composite number?
False
Let g(d) = -784*d**3 - 7*d**2 + 2*d + 5. Is g(-2) prime?
False
Let g = -37 + 65. Let b = -26 + g. Suppose b*o = -o + 2463. Is o a prime number?
True
Suppose -243*r + 4789136 + 5804935 = 0. Is r a composite number?
False
Let m(p) = 6*p**3 - 63*p**2 + 35*p - 65. Is m(29) composite?
True
Let j(g) = -6000*g + 238. Let k be j(-12). Suppose -388 = 4*r + 5*x - 72619, -2*x = -4*r + k. Is r a composite number?
False
Let q be 24/14 - 2 - 5651/(-7). Suppose -5*k + 9*l = 8*l + 1367, -3*k + 5*l = q. Let s = k + 513. Is s a prime number?
True
Suppose 0 = -1138*a + 1175*a - 189773. Is a a prime number?
False
Let x(q) = 6*q**3 - 60*q**2 - 2*q + 81. Is x(35) composite?
False
Suppose 4*y - h - 84 = y, 0 = -4*y - 3*h + 99. Suppose q - 41 - 67 = -5*i, 2*i = 5*q + y. Is (-2)/7 - (-14223)/i prime?
True
Suppose 6*c = -4*c + 212488 + 302002. Is c a composite number?
False
Let v be -1*0/(-7)*(2 + -3). Suppose 3*y - 388 = -n + 139, -n + 4*y + 513 = v. Is n composite?
False
Suppose 10*g - 59013 = 20917. Is g a prime number?
True
Suppose -5*z + 35 = -3*q - 610, -4*z - 3*q = -543. Suppose -13240 = -z*t + 128*t. Suppose 0 = -18*u + 23*u - t. Is u prime?
False
Let g(d) = -781*d + 75. Let m(y) = 781*y - 75. Let x(w) = -2*g(w) - 3*m(w). Is x(-2) prime?
True
Let w(c) = -9000*c - 7703. Is w(-89) a prime number?
True
Is -2*(-22)/(264/1046238) a composite number?
True
Let r(t) = t**2 + 392. Let m be r(0). Let b(w) = -4*w - 87. Let h be b(-24). Suppose 3*g - 1149 = 3*n, g - m = -3*n - h. Is g a composite number?
False
Suppose -114 - 28 = -2*h. Suppose -105 = 66*b - h*b. Is 4724/2 + -24 + b a composite number?
True
Suppose 0 = 5*w - 4*o - 11921 - 18049, 2*w + 5*o = 11988. Let b = 2639 + w. Is b a composite number?
True
Let q = 73 + -63. Suppose -q*v + 4*v = -4254. Is v prime?
True
Suppose 76*y - 3146628 = 2348096. Is y prime?
False
Suppose 337552 = 14*k + 18*k - 530704. Is k prime?
False
Let i(j) = j**2 + 4*j - 6. Let t be i(5). Suppose 22*s = t*s - 26231. Is s a prime number?
True
Let g(n) = 24*n**2 + 42*n - 2. Let q be g(19). Let r = q + -6489. Is r a composite number?
False
Let m = -125669 + 188352. Is m a prime number?
True
Suppose -343*d + 467935712 = -553387605. Is d composite?
False
Suppose 15934 - 3169 = 3*w. Let j = 726 + w. Is j composite?
True
Suppose -287*h = -310*h + 565133. Is h prime?
True
Is 93066/12*210/21 prime?
False
Let q(r) = r**3 + 6*r**2 + 3*r + 14. Let s be q(-6). Let v be 6/s*(-359)/2*4. Suppose -6*h + v - 99 = 0. Is h prime?
True
Let c(t) = 4*t - 19. Let g be c(-6). Let q = 792 - g. Suppose 469 = 4*p - q. Is p prime?
False
Suppose -12*s - 2306416 = -12*s - 16*s. Is s a prime number?
False
Let j(r) = 34*r - 19. Suppose -m = -0*m - 3*k - 32, 4*k + 96 = 4*m. Suppose -4*b = -2*b - 2*o - 18, 2*b - 4*o = m. Is j(b) a composite number?
True
Suppose 48*k = 22852 + 11937404. Suppose -7*q + k = 21*q. Is q a prime number?
False
Suppose 5*i - 11*i = 15*i. Suppose 0*t + 10*t - 24590 = i. Is t prime?
True
Let c be 2/(-13) - (-4158)/(-351). Let m = 1695 - c. Is m composite?
True
Suppose 33*a - 1241025 = 2309967 + 1010895. Is a a composite number?
False
Suppose -133063 = -33*h + 3845318. Is h prime?
True
Let c = 327 + -330. Is (999/12 - -4)/(c/(-156)) a prime number?
False
Suppose 1834 = 2*o + 5*a, 4*a + 3830 = 4*o + 106. Suppose -4*j = -2*l + 4116, -4*l = 5*j - 6950 - 1347. Let r = l - o. Is r prime?
False
Let o = -2249 + 5617. Let k(y) = 20*y**2 - y. Let b be k(-9). Let d = o - b. Is d composite?
True
Let t(o) = 311*o**2 + 356*o + 41. Is t(18) composite?
True
Let o be ((-36)/8)/((-9)/6). Let b(k) = k + 10. Let h be b(-5). Suppose h*l = o*r - 952, 2*r - 3*l - 2*l - 633 = 0. Is r a composite number?
True
Let p(o) = 499*o - 238. Let d be -3 + 12/(6*(-1)/(-3)). Is p(d) prime?
True
Let q be (1 - -3) + (-25)/2*10. Let x = q + 936. Is x a prime number?
False
Suppose -2*a + 63 = -93. Suppose -12*y + 25*y = 0. Suppose y = 21*d - 19*d - a. Is d composite?
True
Let n = 39 + -27. Suppose 2*l = -n - 16. Is (502/(-4))/(7/l) a prime number?
True
Suppose 152*c - 278*c + 1341018 = 0. Is c a prime number?
False
Let i = 124 - 124. Let q(z) = -z**2 - 31*z + 4177. Is q(i) composite?
False
Let g = 31389 - 7636. Is g prime?
True
Suppose -4*f + 9633 = 5*w - 7141, -2*f + 5*w = -8402. Let z = -1663 - f. Let x = -3928 - z. Is x composite?
False
Suppose -4*a + 380 = 4*c, -4*a = -c + a + 125. Let u = -6571 - -6632. Let b = c + u. Is b a prime number?
False
Is -8*2/32*-207286 prime?
True
Suppose 4*l + 73 = q, -2*q + 3*l + 128 = l. Suppose -q*o - 4164 = -67*o. Is o prime?
False
Let z(y) = -y**3 - 5*y**2 + y + 2. Let k be z(-8). Let a be (-5)/(10/(-2)) + (k - 1). Suppose 2*i = -a + 612. Is i composite?
True
Suppose -5*j - 5 = 5*z, 14*j - 10*j - z = -19. Let k(i) = -81*i**3 - 6*i**2 + i - 7. Is k(j) a composite number?
False
Let u(s) = s**3 - 2*s**2 - 2*s + 2. Let f be u(3). Suppose f*y - 2160 = 5*c, 0*c + 428 = y + c. Suppose g = -p - p + y, 3*g - 1282 = -4*p. Is g composite?
True
Let r = -228443 - -674244. Is r a composite number?
True
Suppose -3*p = 124 - 2779. Let d(x) = -x**3 + 12*x**2 - 18*x - 16. Let a be d(10). Suppose -3*n = -j - 2635, -3*n + a*n = 2*j + p. Is n a prime number?
True
Let p = -400702 + 718241. Is p composite?
False
Is -235*(-14)/140*1114 prime?
False
Suppose z + 223 = 2*z. Suppose -13*n - z - 141 = 0. Is (4*218/20)/(n/(-70)) composite?
False
Let x(t) = 301087*t**2 + 2*t - 2. Let k be x(1). Suppose -3*u - 4*q = -2*q + k, u - 4*q = -100339. Is (-2)/(-19) + u/(-171) a composite number?
False
Is (-91318)/(12/9*51/(-34)) a composite number?
False
Suppose -848182 = -29*r + 1419763. Is r prime?
False
Let i(o) = 290*o**2 + 38*o - 38. Let s be i(1). Is (-21)/(-14)*-7*s/(-15) composite?
True
Let s(z) = -65*z + 11. Suppose 3*r - 2 = -29. Let x = -23 - r. Is s(x) composite?
True
Suppose 6*s + 3*s = 45. Suppose 10 = -5*k, -6 = y + s*k - 0. Suppose 2*x = -5*a + 67, y*a + 6*x - x = 57. Is a a composite number?
False
Let h(t) be the first derivative of 31*t**2/2 + 11*t - 1. Let w = -1098 + 1106. Is h(w) a prime number?
False
Let u(t) = 4*t + 10972. Let k be u(0). Suppose k - 58793 = -17*v. Is v prime?
False
Suppose 439 = v + 5*y, -3*v - 1810 = -7*v - 2*y. Let t(p) = -18*p**2 + 19*p - 79. Let l be t(4). Let d = v + l. Is d a composite number?
False
Suppose -719608 = -2896*i + 2891*i + a, 3*i - 431748 = -5*a. Is i a prime number?
False
Suppose -l = 0, -7*s + 3*l = -2*s + 60. Is (-4)/((-56)/268538) - s/(-42) composite?
False
Let a = 239 - 254. Is 10/a - (-136955)/21 prime?
True
Let a = 166 + -171. Is -797*(a - (-12)/4) a prime number?
False
Let v = -2802 + 4342. Suppose -5*i = -5*z + 162 + 1388, -3*z = -5*i - v. Is 2 - 0 - i - 0 a prime number?
True
Suppose 0 = -53*f + 48*f + 10. Suppose -f*j + c + 1326 = 0, -3919 = -5*j - 4*c - 617. Is j prime?
False
Suppose 367*c + 4*s = 371*c - 162932, 3*c = 2*s + 122197. Is c a prime number?
False
Let c(z) = z**2 + 23*z + 365. Let k be c(-12). Let n be 979 + -1 + 0 + 0. Suppose -k = 5*r - n. Is r a prime number?
True
Let y(u) = 4*u**2 - 9*u - 43. Let c be y(-17). Suppose 3*i + 1268 = 2*m, -5*m = -3*m - 2*i - c. Is m a prime number?
True
Is ((-1)/7 + 9/14)*(-1 